 16. What is the remainder when 45 is divided by f?
13
Let v be (-4)/(-6) - 2928/72. Let d = v + 88. Calculate the remainder when 191 is divided by d.
47
Let j = -100 + 113. Calculate the remainder when 23 is divided by j.
10
Let x = -119 + 539. What is the remainder when x is divided by 47?
44
Suppose 0 = 7*t - 9 - 5. Let y(r) = 3*r + 2 + t - 4. What is the remainder when y(5) is divided by 9?
6
What is the remainder when 99 is divided by (4 - 0) + (26 - (-6 + 10))?
21
Let w(o) = -13*o - 8. Let s be w(-6). Suppose 2*b + s = 4*b. Suppose -4*k + 5 = -b. What is the remainder when 28 is divided by k?
8
Suppose 3*l = 4*l - 26. Suppose -7*z = 9*z - 128. What is the remainder when l is divided by z?
2
Calculate the remainder when 150/((-7)/(14/(-4))) is divided by 27.
21
Calculate the remainder when 101 is divided by 18/15 + (-24)/(-5).
5
Let h(u) = 7*u - 9. Let f be h(6). Suppose -3*m + 2*x = 11 + 17, -3*m + 3*x = f. Calculate the remainder when 35 is divided by (m/(-2) + 0)*6.
17
Let t be ((-58)/(-4))/((-7)/(-14)). Let q = -26 + t. What is the remainder when 11 is divided by q?
2
Suppose -n = 5, 4*l - 122 = 2*n + 444. Calculate the remainder when l is divided by 37.
28
Suppose 5*o - 8 + 28 = -5*r, -4*o = -2*r + 22. Let b(q) = 21*q**2 + 7 - 13 + 5 + 0. Calculate the remainder when b(r) is divided by 8.
4
Let t = 3 + 0. Let l = 116 + -113. Suppose -3*u - u + 396 = t*w, -l*u = w - 302. Calculate the remainder when u is divided by 26.
24
Calculate the remainder when 290 is divided by 10/(50/465) - -5.
94
Calculate the remainder when (-4200)/16*8/(-6) is divided by 59.
55
Suppose -3*j + 1791 = -q, -4*j + 2985 = j - q. What is the remainder when j is divided by 23?
22
Suppose 15 = 2*l + 3*l. Suppose 3 = 2*g - l. Suppose 19 = 2*x - g*r + 2*r, 4*x = -4*r + 56. What is the remainder when 19 is divided by x?
8
Let r = 16 - 11. Suppose 5*t - 18 = 3*j, 2*t = -0*j - 5*j - 30. Calculate the remainder when (j/9)/(2/(-21)) is divided by r.
2
Let n = 893 + -867. Calculate the remainder when 725 is divided by n.
23
Let v(u) = u**2 + 12*u + 14. Let r(k) = -5*k**2 + 28*k + 19. What is the remainder when v(-12) is divided by r(6)?
0
Let u = -587 + 589. What is the remainder when (1 + 0)*-1*-11 is divided by u?
1
Let x(j) = -2*j**2 - 17*j - 13. Let i be x(-11). Let o = i - -70. Suppose -14 = -k - 4*w + 1, w + 12 = 2*k. What is the remainder when k is divided by o?
1
Let k = 319 - 307. Calculate the remainder when 58 is divided by k.
10
What is the remainder when 34664/35 + (-10)/(-75)*-3 is divided by 32?
30
Suppose -25*s + 20*s = -1700. Calculate the remainder when s is divided by 70.
60
Let b(c) = -c**3 + 10*c**2 - 9*c + 2. Let y be b(9). Suppose y*n + 2*t - 332 = 0, 0 = -3*n + 5*n + t - 332. Calculate the remainder when n is divided by 56.
54
Suppose -5*v + 293 = 38. Suppose 5*c + 54 + 27 = 4*u, -2*c = u - 4. What is the remainder when v is divided by (-19)/(133/u)*13/(-2)?
12
Let a = -6 - -9. Let n(m) = 3*m**2 - 5. Let q = 157 + -93. Calculate the remainder when q is divided by n(a).
20
Let o(x) = -x**2 + 12*x + 2. Calculate the remainder when -2 - (-2)/(-4)*-22 is divided by o(12).
1
Let l(a) = a**3 + 11*a**2 - 3*a - 13. Calculate the remainder when 198/(-4)*(-3 - 3/(-3)) is divided by l(-11).
19
Suppose 2*w = -f + 5, -5*f + 37 = 4*w + 12. Suppose -f*j + 48 = -j. Calculate the remainder when 33 is divided by j.
9
Let s(p) = -20*p - 2. Let w = -27 + 72. Let y = w + -32. What is the remainder when s(-2) is divided by y?
12
Suppose -u + 6*u + 73 = 2*i, 3*i - 5*u = 102. Calculate the remainder when i is divided by 1.
0
Suppose 0 = 2*q - 0*j + 5*j - 9, q - j - 1 = 0. Suppose q*v - 10 - 16 = 0. What is the remainder when (-1)/(-6)*2*(-69)/(-1) is divided by v?
10
Suppose -5*u + 3*k - 12 = 0, 0 = -0*u + 4*u - 3*k + 12. Let x(z) = z**3 - z**2 + 9. Calculate the remainder when 41 is divided by x(u).
5
Suppose -15 = 5*h, 4*h = -5*g + 3*h + 567. Let b = -76 + g. Suppose 5*j = 2*s + 59, j - 2*j = -4*s - 1. What is the remainder when b is divided by j?
12
Calculate the remainder when 242 is divided by (1 + 108/(-45))*(0 - 25).
32
Suppose 0 = 5*x + 5*r, 2*r + 21 = 4*x - r. Let h(a) = 3*a - 2*a - 3 + 2 - 1. What is the remainder when h(x) is divided by 1?
0
Suppose -30 = -5*j + 20. Suppose s = -s + j. Suppose 67 + 125 = 48*p. Calculate the remainder when s is divided by p.
1
Suppose 2*v + 3*c - 111 = 0, 2*v - 31 = -c + 74. What is the remainder when v is divided by 20?
11
Suppose 0*x = 5*x - 100. Let t = x + 12. Calculate the remainder when 157 is divided by t.
29
Let l(p) = 10*p**3 - 4*p**2 + 4*p - 8. Let q be l(4). Suppose 11*m - 461 = q. Calculate the remainder when m is divided by 34.
27
Let g(y) = -y - 2. Let l be g(-8). Calculate the remainder when l/(-8) - (-1756)/16 is divided by 37.
35
Suppose 14 = 2*l - 4*t + t, 0 = -5*l - 5*t + 10. Suppose 2 = -4*d + 14. Suppose -l*c + 8 = -d*c. Calculate the remainder when 29 is divided by c.
5
Let b(l) = -54*l + 43. Calculate the remainder when b(-4) is divided by 29.
27
Calculate the remainder when 23 is divided by 4/(-18) - (-1080)/486.
1
Suppose -5*u + 1215 = -5*k, 0*u - 4*k = 5*u - 1206. Calculate the remainder when u is divided by 126.
116
Let p = 160 - 149. Let l(s) = -s + 1. Let b(h) = -32*h + 1. Let v(n) = b(n) - l(n). Calculate the remainder when v(-1) is divided by p.
9
Let a(p) = -p**3 + 6*p**2 + 9*p - 16. Calculate the remainder when a(6) is divided by 3.
2
Let z = 1939 - 1938. What is the remainder when 22 is divided by z?
0
Suppose 64 - 16 = 4*x. Calculate the remainder when x is divided by 9.
3
Let f = -19 + 24. Suppose -86 = -2*h - 2*k + f*k, 0 = -4*k. What is the remainder when h is divided by 11?
10
Calculate the remainder when 281 is divided by (-10 + 8)/(12/(-90)).
11
Suppose 0 = 3*f - 5*p - 10, 4*f - 23 = -0*p - 3*p. Suppose 0 = -o + f*l + 30, 2*l + 1 = -7. Calculate the remainder when o is divided by 8.
2
Suppose 12 = q - 4*u, -u = -3*q - 4*u - 9. Suppose 2*h + n - 161 = q, h - 2*n - 64 = 3*n. What is the remainder when h is divided by 8?
7
Suppose -304 - 194 = -6*u. Calculate the remainder when 263 is divided by u.
14
Let v = 1760 - 1742. What is the remainder when 101 is divided by v?
11
Suppose 2*l - 23 = -17. Calculate the remainder when 10 is divided by l.
1
Suppose -11*k = -9*k - 332. Calculate the remainder when k is divided by 34.
30
Let h = -65 - -71. Calculate the remainder when (-37*9/h)/((-6)/8) is divided by 25.
24
Let p(d) = -d + 8. Suppose -108 = -11*n + 7*n + 4*k, 25 = -5*k. What is the remainder when n is divided by p(0)?
6
Let t(v) = v**2 + 8*v - 20. Let p be t(-11). Let k = p + -3. Calculate the remainder when 36 is divided by k.
6
Let u = 807 - 797. What is the remainder when 27 is divided by u?
7
Let l(w) = -w - 2. Let c = 72 - 87. Calculate the remainder when 70 is divided by l(c).
5
Suppose 0 = 4*a - 5*t - 350 - 1011, 676 = 2*a + 2*t. What is the remainder when a is divided by 57?
54
Let n be 12/8 - 3/2. Suppose 2*l + n*j - 194 = 3*j, 3*l - 2*j = 286. Calculate the remainder when l is divided by 1/(10/(-4))*-60.
22
Let k(b) = 30*b - 13. Let m = 59 + -57. Calculate the remainder when k(m) is divided by 7.
5
Let h = -222 + 302. Suppose 0 = c - 4 - 17. Calculate the remainder when h is divided by c.
17
Let h = -61 - -85. Let v be -5*30/(-25) + 3. Suppose v = 53*w - 52*w. Calculate the remainder when h is divided by w.
6
Suppose 0 = -6*w + 3*w - 537. Let z = -44 - w. Calculate the remainder when z is divided by 35.
30
Suppose -2*h + 58 = -62. Calculate the remainder when h is divided by 32/((-10)/(-5)) + 0.
12
Suppose f - 3*o - 131 = 0, -3*o - 135 = -f - o. Calculate the remainder when f is divided by 50.
43
Let x(c) = 19*c**2 - c - 2. Let r be x(-1). Suppose -2*m = -40 - r. Let a = m - 5. Calculate the remainder when a is divided by 13.
11
What is the remainder when (-5 - (-23)/1)*24/9 is divided by 13?
9
Let a(c) = c**2 - 21*c + 104. Suppose 9 + 126 = 5*j. Calculate the remainder when j is divided by a(6).
13
Suppose -3*y - 5*g - 4 = 0, y - 7 + 3 = g. Suppose 5*f - 29 = -2*u, -5*u - 19 = 4*f - 66. What is the remainder when u is divided by y?
1
Let q(a) be the second derivative of -41*a**3/6 - 21*a**2/2 + 40*a. What is the remainder when q(-2) is divided by 21?
19
Suppose z - 4 = -0*z